{"id":2,"date":"2020-09-21T11:07:38","date_gmt":"2020-09-21T09:07:38","guid":{"rendered":"http:\/\/olivierbrunner.org\/?page_id=2"},"modified":"2021-04-03T17:50:43","modified_gmt":"2021-04-03T15:50:43","slug":"page-d-exemple","status":"publish","type":"page","link":"https:\/\/olivierbrunner.org\/","title":{"rendered":"Accueil"},"content":{"rendered":"\n<p><\/p>\n\n\n\n<div class=\"wp-block-columns\">\n<div class=\"wp-block-column\" style=\"flex-basis:33.33%\">\n<figure class=\"wp-block-image size-large is-style-default\"><img loading=\"lazy\" width=\"867\" height=\"1024\" src=\"https:\/\/olivierbrunner.org\/wp-content\/uploads\/2021\/02\/OBRUNNER-867x1024.jpg\" alt=\"\" class=\"wp-image-189\" srcset=\"https:\/\/olivierbrunner.org\/wp-content\/uploads\/2021\/02\/OBRUNNER-867x1024.jpg 867w, https:\/\/olivierbrunner.org\/wp-content\/uploads\/2021\/02\/OBRUNNER-254x300.jpg 254w, https:\/\/olivierbrunner.org\/wp-content\/uploads\/2021\/02\/OBRUNNER-768x907.jpg 768w, https:\/\/olivierbrunner.org\/wp-content\/uploads\/2021\/02\/OBRUNNER.jpg 928w\" sizes=\"(max-width: 867px) 100vw, 867px\" \/><\/figure>\n<\/div>\n\n\n\n<div class=\"wp-block-column is-vertically-aligned-center\" style=\"flex-basis:66.66%\">\n<p class=\"has-medium-font-size\">Ing\u00e9nieur, <strong>Chef de Projet informatique et environnement<\/strong>, exp\u00e9riences digitales et agiles de la startup \u00e0 l&rsquo;entreprise internationale en passant par de nombreux engagements associatifs.<\/p>\n\n\n\n<p class=\"has-medium-font-size\">\ud83c\udf0d <em><strong>En (r)\u00e9volution professionnelle pour la plan\u00e8te<\/strong><\/em>, je mets mes comp\u00e9tences au service de vos projets. Votre structure (entreprise ou \u00e9tablissement public) est \u00e0 la hauteur des d\u00e9fis d&rsquo;aujourd&rsquo;hui ou souhaite s&rsquo;y hisser, <a href=\"#Coordonn\u00e9es\" data-type=\"internal\" data-id=\"#Coordonn\u00e9es\">contactons-nous<\/a><strong> !<\/strong><\/p>\n<\/div>\n<\/div>\n\n\n\n<h2>Gestion de projet<\/h2>\n\n\n\n<p>De formation <strong>ing\u00e9nieur en informatique<\/strong>, j&rsquo;exerce depuis 15 ans le r\u00f4le de Chef de Projet digital. J&rsquo;ai pu compl\u00e9ter mes comp\u00e9tences par un Master Sp\u00e9cialis\u00e9 DeSIGeo. Cette formation me permet d&rsquo;<strong>utiliser l&rsquo;informatique pour mieux prendre en compte les enjeux environnementaux<\/strong> dans tous les domaines d&rsquo;activit\u00e9.<\/p>\n\n\n\n<div class=\"wp-block-columns\">\n<div class=\"wp-block-column\" style=\"flex-basis:33.33%\">\n<figure class=\"wp-block-image size-large\"><img loading=\"lazy\" width=\"765\" height=\"681\" src=\"http:\/\/olivierbrunner.org\/wp-content\/uploads\/2021\/01\/Capture-de\u0301cran-2021-01-25-a\u0300-19.40.31-1.png\" alt=\"\" class=\"wp-image-154\" srcset=\"https:\/\/olivierbrunner.org\/wp-content\/uploads\/2021\/01\/Capture-de\u0301cran-2021-01-25-a\u0300-19.40.31-1.png 765w, https:\/\/olivierbrunner.org\/wp-content\/uploads\/2021\/01\/Capture-de\u0301cran-2021-01-25-a\u0300-19.40.31-1-300x267.png 300w\" sizes=\"(max-width: 765px) 100vw, 765px\" \/><\/figure>\n<\/div>\n\n\n\n<div class=\"wp-block-column\" style=\"flex-basis:66.66%\">\n<p>Ce parcours m&rsquo;a donn\u00e9 l&rsquo;occasion d&rsquo;intervenir sur des sujets complexes, r\u00e9glementaires et strat\u00e9giques. Des <strong>projets agiles<\/strong>, m&rsquo;amenant \u00e0 collaborer dans des structures allant de la startup \u00e0 l&rsquo;entreprise multinationale, des domaines de l&rsquo;Economie Sociale et Solidaire au domaine de la banque et de la finance. Du management de projets au management d&rsquo;\u00e9quipes, mon parcours m&rsquo;a \u00e9galement donn\u00e9 l&rsquo;occasion d&rsquo;accompagner des \u00e9tablissements de l&rsquo;enseignement sup\u00e9rieur ainsi que des collectivit\u00e9s territoriales (mairies et communaut\u00e9s de communes).<\/p>\n<\/div>\n<\/div>\n\n\n\n<p>Ces multiples exp\u00e9riences me permettent d&rsquo;aborder aujourd&rsquo;hui la gestion de projets informatiques et environnementaux dans des <strong>contextes tr\u00e8s vari\u00e9s<\/strong>.<\/p>\n\n\n\n<h2>Certification BilanCarbone\u00ae<\/h2>\n\n\n\n<div class=\"wp-block-columns\">\n<div class=\"wp-block-column\" style=\"flex-basis:66.66%\">\n<p>Outre mes comp\u00e9tences en informatique, j&rsquo;ai souhait\u00e9 suivre la formation Bilan Carbone\u00ae. Depuis mars 2021, cette certification me permet d&rsquo;accompagner l&rsquo;\u00e9valuation et la mise en oeuvre de plans d&rsquo;actions au sein de votre structure (publique ou priv\u00e9e).<\/p>\n<\/div>\n\n\n\n<div class=\"wp-block-column\" style=\"flex-basis:33.33%\">\n<figure class=\"wp-block-image size-large\"><img loading=\"lazy\" width=\"400\" height=\"126\" src=\"http:\/\/olivierbrunner.org\/wp-content\/uploads\/2020\/12\/ABC.png\" alt=\"\" class=\"wp-image-47\" srcset=\"https:\/\/olivierbrunner.org\/wp-content\/uploads\/2020\/12\/ABC.png 400w, https:\/\/olivierbrunner.org\/wp-content\/uploads\/2020\/12\/ABC-300x95.png 300w\" sizes=\"(max-width: 400px) 100vw, 400px\" \/><\/figure>\n<\/div>\n<\/div>\n\n\n\n<h2>Sensibilisation et facilitation<\/h2>\n\n\n\n<p>A travers ce parcours professionnel et personnel, j&rsquo;ai compl\u00e9t\u00e9 mes comp\u00e9tences acad\u00e9miques par des outils impactant de sensibilisation et de facilitation aux enjeux environnementaux.<\/p>\n\n\n\n<div class=\"wp-block-columns\">\n<div class=\"wp-block-column\">\n<figure class=\"wp-block-image size-large is-resized\"><a href=\"https:\/\/fresqueduclimat.org\/\" target=\"_blank\" rel=\"noopener\"><img loading=\"lazy\" src=\"http:\/\/olivierbrunner.org\/wp-content\/uploads\/2020\/09\/Logo_FDC.png\" alt=\"\" class=\"wp-image-23\" width=\"205\" height=\"227\" srcset=\"https:\/\/olivierbrunner.org\/wp-content\/uploads\/2020\/09\/Logo_FDC.png 487w, https:\/\/olivierbrunner.org\/wp-content\/uploads\/2020\/09\/Logo_FDC-270x300.png 270w\" sizes=\"(max-width: 205px) 100vw, 205px\" \/><\/a><figcaption>Animateur, formateur et instructeur agr\u00e9\u00e9 par l&rsquo;association<\/figcaption><\/figure>\n\n\n\n<figure class=\"wp-block-image size-large\"><a href=\"https:\/\/avenirclimatique.org\/\" target=\"_blank\" rel=\"noopener\"><img loading=\"lazy\" width=\"1024\" height=\"538\" src=\"http:\/\/olivierbrunner.org\/wp-content\/uploads\/2021\/01\/Logo-AC-FB-1024x538.png\" alt=\"\" class=\"wp-image-88\" srcset=\"https:\/\/olivierbrunner.org\/wp-content\/uploads\/2021\/01\/Logo-AC-FB-1024x538.png 1024w, https:\/\/olivierbrunner.org\/wp-content\/uploads\/2021\/01\/Logo-AC-FB-300x158.png 300w, https:\/\/olivierbrunner.org\/wp-content\/uploads\/2021\/01\/Logo-AC-FB-768x403.png 768w, https:\/\/olivierbrunner.org\/wp-content\/uploads\/2021\/01\/Logo-AC-FB.png 1200w\" sizes=\"(max-width: 1024px) 100vw, 1024px\" \/><\/a><\/figure>\n<\/div>\n\n\n\n<div class=\"wp-block-column\">\n<figure class=\"wp-block-image size-large\"><a href=\"https:\/\/www.fresquedunumerique.org\/\" target=\"_blank\" rel=\"noopener\"><img loading=\"lazy\" width=\"320\" height=\"142\" src=\"http:\/\/olivierbrunner.org\/wp-content\/uploads\/2020\/09\/logo-FDN-1.png\" alt=\"\" class=\"wp-image-30\" srcset=\"https:\/\/olivierbrunner.org\/wp-content\/uploads\/2020\/09\/logo-FDN-1.png 320w, https:\/\/olivierbrunner.org\/wp-content\/uploads\/2020\/09\/logo-FDN-1-300x133.png 300w\" sizes=\"(max-width: 320px) 100vw, 320px\" \/><\/a><\/figure>\n\n\n\n<figure class=\"wp-block-image size-large\"><img loading=\"lazy\" width=\"380\" height=\"214\" src=\"http:\/\/olivierbrunner.org\/wp-content\/uploads\/2020\/09\/logo_CAPLC_rectangle-edited.png\" alt=\"\" class=\"wp-image-32\" srcset=\"https:\/\/olivierbrunner.org\/wp-content\/uploads\/2020\/09\/logo_CAPLC_rectangle-edited.png 380w, https:\/\/olivierbrunner.org\/wp-content\/uploads\/2020\/09\/logo_CAPLC_rectangle-edited-300x169.png 300w\" sizes=\"(max-width: 380px) 100vw, 380px\" \/><\/figure>\n\n\n\n<figure class=\"wp-block-image size-large\"><a href=\"https:\/\/www.linkedin.com\/company\/fresque-des-nouveaux-recits\/\" target=\"_blank\" rel=\"noopener\"><img loading=\"lazy\" width=\"800\" height=\"400\" src=\"http:\/\/olivierbrunner.org\/wp-content\/uploads\/2020\/12\/FDNR-1.png\" alt=\"\" class=\"wp-image-44\" srcset=\"https:\/\/olivierbrunner.org\/wp-content\/uploads\/2020\/12\/FDNR-1.png 800w, https:\/\/olivierbrunner.org\/wp-content\/uploads\/2020\/12\/FDNR-1-300x150.png 300w, https:\/\/olivierbrunner.org\/wp-content\/uploads\/2020\/12\/FDNR-1-768x384.png 768w\" sizes=\"(max-width: 800px) 100vw, 800px\" \/><\/a><\/figure>\n<\/div>\n\n\n\n<div class=\"wp-block-column\">\n<figure class=\"wp-block-image size-large is-resized\"><a href=\"https:\/\/www.renaissanceecologique.fr\/\" target=\"_blank\" rel=\"noopener\"><img loading=\"lazy\" src=\"http:\/\/olivierbrunner.org\/wp-content\/uploads\/2020\/12\/FRe-1.jpg\" alt=\"\" class=\"wp-image-51\" width=\"252\" height=\"333\" srcset=\"https:\/\/olivierbrunner.org\/wp-content\/uploads\/2020\/12\/FRe-1.jpg 600w, https:\/\/olivierbrunner.org\/wp-content\/uploads\/2020\/12\/FRe-1-227x300.jpg 227w\" sizes=\"(max-width: 252px) 100vw, 252px\" \/><\/a><\/figure>\n<\/div>\n<\/div>\n\n\n\n<p class=\"has-medium-font-size\">Vous souhaitez en savoir davantage sur mon parcours et les projets que nous pouvons mener ensemble ? <a href=\"#Coordonn\u00e9es\" data-type=\"internal\" data-id=\"#Coordonn\u00e9es\">Contactons-nous<\/a><strong> !<\/strong> Je vous invite \u00e9galement \u00e0 d\u00e9couvrir les projets que je m\u00e8ne sur mon fil <a rel=\"noreferrer noopener\" href=\"https:\/\/www.linkedin.com\/in\/olivierbrunner\/\" target=\"_blank\">LinkedIn<\/a>.<\/p>\n\n\n\n<h2 id=\"Coordonn\u00e9es\">Coordonn\u00e9es<\/h2>\n\n\n\n<p><strong>Olivier Brunner<\/strong> &#8211; <a rel=\"noreferrer noopener\" href=\"mailto:contact@olivierbrunner.org\" target=\"_blank\">contact(at)olivierbrunner.org<\/a> &#8211; <a rel=\"noreferrer noopener\" href=\"https:\/\/www.linkedin.com\/in\/olivierbrunner\/\" target=\"_blank\">LinkedIn<\/a> &#8211; <a href=\"https:\/\/telegram.me\/olivierbrunner\" target=\"_blank\" rel=\"noreferrer noopener\">Telegram<\/a><\/p>\n\n\n\n<h2><a href=\"http:\/\/olivierbrunner.org\/index.php\/temoignages\/\" data-type=\"page\" data-id=\"204\">T\u00e9moignages<\/a><\/h2>\n","protected":false},"excerpt":{"rendered":"<p>Ing\u00e9nieur, Chef de Projet informatique et environnement, exp\u00e9riences digitales et agiles de la startup \u00e0 l&rsquo;entreprise internationale en passant par de nombreux engagements associatifs. \ud83c\udf0d En (r)\u00e9volution professionnelle pour la plan\u00e8te, je mets mes comp\u00e9tences au service de vos projets. Votre structure (entreprise ou \u00e9tablissement public) est \u00e0 la hauteur des d\u00e9fis d&rsquo;aujourd&rsquo;hui ou souhaite&hellip;&nbsp;<a href=\"https:\/\/olivierbrunner.org\/\" rel=\"bookmark\">Lire la suite &raquo;<span class=\"screen-reader-text\">Accueil<\/span><\/a><\/p>\n","protected":false},"author":1,"featured_media":0,"parent":0,"menu_order":0,"comment_status":"closed","ping_status":"open","template":"","meta":{"neve_meta_sidebar":"","neve_meta_container":"","neve_meta_enable_content_width":"","neve_meta_content_width":0,"neve_meta_title_alignment":"","neve_meta_author_avatar":"","neve_post_elements_order":"","neve_meta_disable_header":"","neve_meta_disable_footer":"","neve_meta_disable_title":"on"},"_links":{"self":[{"href":"https:\/\/olivierbrunner.org\/index.php\/wp-json\/wp\/v2\/pages\/2"}],"collection":[{"href":"https:\/\/olivierbrunner.org\/index.php\/wp-json\/wp\/v2\/pages"}],"about":[{"href":"https:\/\/olivierbrunner.org\/index.php\/wp-json\/wp\/v2\/types\/page"}],"author":[{"embeddable":true,"href":"https:\/\/olivierbrunner.org\/index.php\/wp-json\/wp\/v2\/users\/1"}],"replies":[{"embeddable":true,"href":"https:\/\/olivierbrunner.org\/index.php\/wp-json\/wp\/v2\/comments?post=2"}],"version-history":[{"count":53,"href":"https:\/\/olivierbrunner.org\/index.php\/wp-json\/wp\/v2\/pages\/2\/revisions"}],"predecessor-version":[{"id":221,"href":"https:\/\/olivierbrunner.org\/index.php\/wp-json\/wp\/v2\/pages\/2\/revisions\/221"}],"wp:attachment":[{"href":"https:\/\/olivierbrunner.org\/index.php\/wp-json\/wp\/v2\/media?parent=2"}],"curies":[{"name":"wp","href":"https:\/\/api.w.org\/{rel}","templated":true}]}}

<p></p>



<div class="wp-block-columns">
<div class="wp-block-column" style="flex-basis:33.33%">
<figure class="wp-block-image size-large is-style-default"><img loading="lazy" width="867" height="1024" src="https://olivierbrunner.org/wp-content/uploads/2021/02/OBRUNNER-867x1024.jpg" alt="" class="wp-image-189" srcset="https://olivierbrunner.org/wp-content/uploads/2021/02/OBRUNNER-867x1024.jpg 867w, https://olivierbrunner.org/wp-content/uploads/2021/02/OBRUNNER-254x300.jpg 254w, https://olivierbrunner.org/wp-content/uploads/2021/02/OBRUNNER-768x907.jpg 768w, https://olivierbrunner.org/wp-content/uploads/2021/02/OBRUNNER.jpg 928w" sizes="(max-width: 867px) 100vw, 867px" /></figure>
</div>



<div class="wp-block-column is-vertically-aligned-center" style="flex-basis:66.66%">
<p class="has-medium-font-size">Ingénieur, <strong>Chef de Projet informatique et environnement</strong>, expériences digitales et agiles de la startup à l&rsquo;entreprise internationale en passant par de nombreux engagements associatifs.</p>



<p class="has-medium-font-size">🌍 <em><strong>En (r)évolution professionnelle pour la planète</strong></em>, je mets mes compétences au service de vos projets. Votre structure (entreprise ou établissement public) est à la hauteur des défis d&rsquo;aujourd&rsquo;hui ou souhaite s&rsquo;y hisser, <a href="#Coordonnées" data-type="internal" data-id="#Coordonnées">contactons-nous</a><strong> !</strong></p>
</div>
</div>



<h2>Gestion de projet</h2>



<p>De formation <strong>ingénieur en informatique</strong>, j&rsquo;exerce depuis 15 ans le rôle de Chef de Projet digital. J&rsquo;ai pu compléter mes compétences par un Master Spécialisé DeSIGeo. Cette formation me permet d&rsquo;<strong>utiliser l&rsquo;informatique pour mieux prendre en compte les enjeux environnementaux</strong> dans tous les domaines d&rsquo;activité.</p>



<div class="wp-block-columns">
<div class="wp-block-column" style="flex-basis:33.33%">
<figure class="wp-block-image size-large"><img loading="lazy" width="765" height="681" src="http://olivierbrunner.org/wp-content/uploads/2021/01/Capture-décran-2021-01-25-à-19.40.31-1.png" alt="" class="wp-image-154" srcset="https://olivierbrunner.org/wp-content/uploads/2021/01/Capture-décran-2021-01-25-à-19.40.31-1.png 765w, https://olivierbrunner.org/wp-content/uploads/2021/01/Capture-décran-2021-01-25-à-19.40.31-1-300x267.png 300w" sizes="(max-width: 765px) 100vw, 765px" /></figure>
</div>



<div class="wp-block-column" style="flex-basis:66.66%">
<p>Ce parcours m&rsquo;a donné l&rsquo;occasion d&rsquo;intervenir sur des sujets complexes, réglementaires et stratégiques. Des <strong>projets agiles</strong>, m&rsquo;amenant à collaborer dans des structures allant de la startup à l&rsquo;entreprise multinationale, des domaines de l&rsquo;Economie Sociale et Solidaire au domaine de la banque et de la finance. Du management de projets au management d&rsquo;équipes, mon parcours m&rsquo;a également donné l&rsquo;occasion d&rsquo;accompagner des établissements de l&rsquo;enseignement supérieur ainsi que des collectivités territoriales (mairies et communautés de communes).</p>
</div>
</div>



<p>Ces multiples expériences me permettent d&rsquo;aborder aujourd&rsquo;hui la gestion de projets informatiques et environnementaux dans des <strong>contextes très variés</strong>.</p>



<h2>Certification BilanCarbone®</h2>



<div class="wp-block-columns">
<div class="wp-block-column" style="flex-basis:66.66%">
<p>Outre mes compétences en informatique, j&rsquo;ai souhaité suivre la formation Bilan Carbone®. Depuis mars 2021, cette certification me permet d&rsquo;accompagner l&rsquo;évaluation et la mise en oeuvre de plans d&rsquo;actions au sein de votre structure (publique ou privée).</p>
</div>



<div class="wp-block-column" style="flex-basis:33.33%">
<figure class="wp-block-image size-large"><img loading="lazy" width="400" height="126" src="http://olivierbrunner.org/wp-content/uploads/2020/12/ABC.png" alt="" class="wp-image-47" srcset="https://olivierbrunner.org/wp-content/uploads/2020/12/ABC.png 400w, https://olivierbrunner.org/wp-content/uploads/2020/12/ABC-300x95.png 300w" sizes="(max-width: 400px) 100vw, 400px" /></figure>
</div>
</div>



<h2>Sensibilisation et facilitation</h2>



<p>A travers ce parcours professionnel et personnel, j&rsquo;ai complété mes compétences académiques par des outils impactant de sensibilisation et de facilitation aux enjeux environnementaux.</p>



<div class="wp-block-columns">
<div class="wp-block-column">
<figure class="wp-block-image size-large is-resized"><a href="https://fresqueduclimat.org/" target="_blank" rel="noopener"><img loading="lazy" src="http://olivierbrunner.org/wp-content/uploads/2020/09/Logo_FDC.png" alt="" class="wp-image-23" width="205" height="227" srcset="https://olivierbrunner.org/wp-content/uploads/2020/09/Logo_FDC.png 487w, https://olivierbrunner.org/wp-content/uploads/2020/09/Logo_FDC-270x300.png 270w" sizes="(max-width: 205px) 100vw, 205px" /></a><figcaption>Animateur, formateur et instructeur agréé par l&rsquo;association</figcaption></figure>



<figure class="wp-block-image size-large"><a href="https://avenirclimatique.org/" target="_blank" rel="noopener"><img loading="lazy" width="1024" height="538" src="http://olivierbrunner.org/wp-content/uploads/2021/01/Logo-AC-FB-1024x538.png" alt="" class="wp-image-88" srcset="https://olivierbrunner.org/wp-content/uploads/2021/01/Logo-AC-FB-1024x538.png 1024w, https://olivierbrunner.org/wp-content/uploads/2021/01/Logo-AC-FB-300x158.png 300w, https://olivierbrunner.org/wp-content/uploads/2021/01/Logo-AC-FB-768x403.png 768w, https://olivierbrunner.org/wp-content/uploads/2021/01/Logo-AC-FB.png 1200w" sizes="(max-width: 1024px) 100vw, 1024px" /></a></figure>
</div>



<div class="wp-block-column">
<figure class="wp-block-image size-large"><a href="https://www.fresquedunumerique.org/" target="_blank" rel="noopener"><img loading="lazy" width="320" height="142" src="http://olivierbrunner.org/wp-content/uploads/2020/09/logo-FDN-1.png" alt="" class="wp-image-30" srcset="https://olivierbrunner.org/wp-content/uploads/2020/09/logo-FDN-1.png 320w, https://olivierbrunner.org/wp-content/uploads/2020/09/logo-FDN-1-300x133.png 300w" sizes="(max-width: 320px) 100vw, 320px" /></a></figure>



<figure class="wp-block-image size-large"><img loading="lazy" width="380" height="214" src="http://olivierbrunner.org/wp-content/uploads/2020/09/logo_CAPLC_rectangle-edited.png" alt="" class="wp-image-32" srcset="https://olivierbrunner.org/wp-content/uploads/2020/09/logo_CAPLC_rectangle-edited.png 380w, https://olivierbrunner.org/wp-content/uploads/2020/09/logo_CAPLC_rectangle-edited-300x169.png 300w" sizes="(max-width: 380px) 100vw, 380px" /></figure>



<figure class="wp-block-image size-large"><a href="https://www.linkedin.com/company/fresque-des-nouveaux-recits/" target="_blank" rel="noopener"><img loading="lazy" width="800" height="400" src="http://olivierbrunner.org/wp-content/uploads/2020/12/FDNR-1.png" alt="" class="wp-image-44" srcset="https://olivierbrunner.org/wp-content/uploads/2020/12/FDNR-1.png 800w, https://olivierbrunner.org/wp-content/uploads/2020/12/FDNR-1-300x150.png 300w, https://olivierbrunner.org/wp-content/uploads/2020/12/FDNR-1-768x384.png 768w" sizes="(max-width: 800px) 100vw, 800px" /></a></figure>
</div>



<div class="wp-block-column">
<figure class="wp-block-image size-large is-resized"><a href="https://www.renaissanceecologique.fr/" target="_blank" rel="noopener"><img loading="lazy" src="http://olivierbrunner.org/wp-content/uploads/2020/12/FRe-1.jpg" alt="" class="wp-image-51" width="252" height="333" srcset="https://olivierbrunner.org/wp-content/uploads/2020/12/FRe-1.jpg 600w, https://olivierbrunner.org/wp-content/uploads/2020/12/FRe-1-227x300.jpg 227w" sizes="(max-width: 252px) 100vw, 252px" /></a></figure>
</div>
</div>



<p class="has-medium-font-size">Vous souhaitez en savoir davantage sur mon parcours et les projets que nous pouvons mener ensemble ? <a href="#Coordonnées" data-type="internal" data-id="#Coordonnées">Contactons-nous</a><strong> !</strong> Je vous invite également à découvrir les projets que je mène sur mon fil <a rel="noreferrer noopener" href="https://www.linkedin.com/in/olivierbrunner/" target="_blank">LinkedIn</a>.</p>



<h2 id="Coordonnées">Coordonnées</h2>



<p><strong>Olivier Brunner</strong> &#8211; <a rel="noreferrer noopener" href="mailto:contact@olivierbrunner.org" target="_blank">contact(at)olivierbrunner.org</a> &#8211; <a rel="noreferrer noopener" href="https://www.linkedin.com/in/olivierbrunner/" target="_blank">LinkedIn</a> &#8211; <a href="https://telegram.me/olivierbrunner" target="_blank" rel="noreferrer noopener">Telegram</a></p>



<h2><a href="http://olivierbrunner.org/index.php/temoignages/" data-type="page" data-id="204">Témoignages</a></h2>

<p>Ingénieur, Chef de Projet informatique et environnement, expériences digitales et agiles de la startup à l&rsquo;entreprise internationale en passant par de nombreux engagements associatifs. 🌍 En (r)évolution professionnelle pour la planète, je mets mes compétences au service de vos projets. Votre structure (entreprise ou établissement public) est à la hauteur des défis d&rsquo;aujourd&rsquo;hui ou souhaite&hellip;&nbsp;<a href="https://olivierbrunner.org/" rel="bookmark">Lire la suite &raquo;<span class="screen-reader-text">Accueil</span></a></p>
